 f(-9).
163
Let j(z) = z**3 + 204*z**2 - 191*z + 3857. Calculate j(-205).
987
Let p(u) = 9*u**3 - 57*u**2 - 75*u + 560. What is p(6)?
2
Let x(p) = 4166*p + 37503. Calculate x(-9).
9
Let s(m) = 3*m**2 + 426*m - 4421. Calculate s(10).
139
Let v(t) = 1627524*t + 9765129. Give v(-6).
-15
Let a(x) = -1294*x + 342899. Give a(265).
-11
Let i(q) = -35*q**2 - 26*q + 62. Calculate i(2).
-130
Let z(n) = 940*n - 48189. What is z(51)?
-249
Let d(k) = -1054*k + 55925. Give d(53).
63
Let k(p) = 1043*p + 983. What is k(1)?
2026
Let n(d) = 3*d**3 - 484*d**2 + 173*d - 1831. Give n(161).
101
Let j(s) = -5598*s + 128793. What is j(23)?
39
Let c(l) = -l**3 - 796*l**2 - 40074*l - 4458. Determine c(-742).
-6
Let h(s) = -76966*s - 33634155. Calculate h(-437).
-13
Let u(z) = 27*z**2 + 2208*z - 416. What is u(-82)?
76
Let m(o) = -2*o**3 + 76*o**2 - 710*o - 111. Give m(21).
-27
Let g(f) = 1749*f + 17233. Calculate g(-11).
-2006
Let s(y) = 3*y**3 + 501*y**2 + 985*y - 861. Calculate s(-165).
-36
Let j(f) = -228*f**2 - 79122*f - 2156. Give j(-347).
-74
Let m(x) = -3*x**2 - 29461*x + 88408. What is m(3)?
-2
Let y(a) = 289*a**2 + 95*a - 186. Give y(2).
1160
Let s(t) = -t**2 - 2416*t + 176. What is s(0)?
176
Let v(i) = 5*i**3 + 7*i**2 + 8*i - 3. What is v(-5)?
-493
Let x(i) = -37019*i + 4886496. Give x(132).
-12
Let j(g) = -93*g - 5862. Calculate j(-50).
-1212
Let x(c) = 28*c**3 - 9*c**2 - 15*c + 3. Give x(-2).
-227
Let y(p) = -2*p**3 + 240*p**2 + 247*p + 65. Determine y(121).
670
Let q(v) = -18*v**3 - v**2 - 1978*v + 3959. Give q(2).
-145
Let l(y) = -3*y**3 + 106*y**2 - 956*y + 354. Determine l(18).
-6
Let r(o) = -21*o**2 + 284*o + 2603. Calculate r(-8).
-1013
Let j(i) = 125586*i + 2009383. What is j(-16)?
7
Let b(f) = f**3 - 49*f**2 + 113*f + 9. Calculate b(47).
902
Let p(k) = 161*k + 57860. Calculate p(-363).
-583
Let k(c) = 2*c**3 + 16*c**2 - 18*c - 11. Calculate k(-9).
-11
Let m(g) = 10644*g**2 - 31932*g + 3. Calculate m(3).
3
Let z(o) = -25572*o - 102560. Give z(-4).
-272
Let b(v) = -4*v**2 + 355*v + 37609. What is b(151)?
10
Let h(b) = -2139*b + 6856. Give h(4).
-1700
Let k(u) = 30*u**3 + 717*u**2 - 110*u + 6. Determine k(-24).
918
Let z(j) = 159*j - 5210. What is z(27)?
-917
Let o(h) = -1860*h + 12461. What is o(7)?
-559
Let t(v) = 3170*v - 98199. What is t(31)?
71
Let j(n) = 6*n**3 - 258*n**2 + 3*n - 173. Calculate j(43).
-44
Let z(h) = 31825*h + 127088. What is z(-4)?
-212
Let y(c) = 2399*c - 18686. Calculate y(9).
2905
Let f(v) = 17*v**3 - 153*v**2 - 17*v + 64. What is f(9)?
-89
Let s(n) = 19*n**3 + 3702*n**2 - 571*n + 2505. Calculate s(-195).
-225
Let d(p) = -7*p**2 + 4571*p + 23068. What is d(-5)?
38
Let t(v) = -v**3 + 31*v**2 - 317*v + 1224. What is t(16)?
-8
Let d(z) = 32545*z - 65114. Determine d(2).
-24
Let l(c) = -349*c**2 - 9*c - 106. What is l(-2)?
-1484
Let o(i) = -95*i + 7156. Give o(85).
-919
Let u(z) = -z**3 - 147*z**2 + 143*z - 546. Determine u(-148).
194
Let q(a) = -261*a**2 - 629*a + 8. Determine q(-3).
-454
Let n(a) = a**3 - 272*a**2 + 479*a + 16440. Determine n(270).
-30
Let n(h) = -1931*h + 162018. What is n(84)?
-186
Let v(z) = 4*z**2 - 1283*z - 3852. Calculate v(-3).
33
Let z(t) = -59522*t - 2440399. What is z(-41)?
3
Let q(t) = 234*t - 209. Give q(5).
961
Let m(r) = -r**3 - 11*r**2 + 82*r + 912. What is m(-9)?
12
Let p(o) = 896*o**2 + 778*o + 4. Calculate p(-1).
122
Let k(d) = 9*d**3 - 55*d**2 - 6*d + 311. Calculate k(4).
-17
Let r(s) = 17*s**2 + 39*s + 210. Give r(13).
3590
Let l(z) = -2*z**3 + 86*z**2 - 98*z - 2830. Calculate l(41).
-124
Let b(o) = 14*o**3 + 1315*o**2 - 87*o - 561. Calculate b(-94).
-1219
Let s(c) = -2*c**3 + 123*c**2 - 173*c - 416. Calculate s(60).
4
Let t(c) = 119*c**2 + 1665*c - 5. Determine t(-14).
9
Let x(u) = -37937*u - 493195. Give x(-13).
-14
Let a(d) = 2762*d**2 - 116005*d + 39. Determine a(42).
-3
Let o(u) = 2*u**3 + 34*u**2 + 1963*u + 35908. What is o(-18)?
-74
Let z(o) = -3*o**3 + 492*o**2 - 660*o + 27821. Determine z(163).
-52
Let x(l) = 82*l**2 + 22*l + 91. Calculate x(-4).
1315
Let d(b) = -640*b + 9463. Calculate d(16).
-777
Let o(l) = 17682*l**3 - 88411*l**2 + 2*l - 1. Determine o(5).
-16
Let x(f) = -2*f**2 - 56468*f + 451876. Determine x(8).
4
Let k(y) = 3*y**3 + 53*y**2 - 17*y + 81. Give k(-18).
63
Let b(o) = -31294*o - 219039. Determine b(-7).
19
Let f(g) = -g**3 + 130*g**2 - 105*g + 13794. Calculate f(130).
144
Let y(t) = -2*t**2 + 1403*t - 164558. Calculate y(149).
87
Let g(t) = 5*t**3 - 1009*t**2 - 198*t - 900. Give g(202).
-92
Let w(x) = x**2 + 78578*x + 864237. What is w(-11)?
0
Let q(j) = 5478*j - 1183271. Determine q(216).
-23
Let f(j) = 186*j**2 + 4657*j + 24. Calculate f(-25).
-151
Let k(c) = -c**3 - 72*c**2 - 502*c - 36142. Calculate k(-72).
2
Let s(c) = -5*c**3 - 140*c**2 - 1415*c - 39551. What is s(-28)?
69
Let s(m) = -4*m**3 + 490*m**2 - 329*m + 10370. Give s(122).
0
Let f(u) = -6*u**2 + 13372*u - 7083385. Determine f(867).
5
Let s(z) = z**3 - 176*z**2 - 3873*z - 9173. Calculate s(196).
39
Let j(o) = -o**3 + 11*o**2 - 49499*o + 743387. Determine j(15).
2
Let i(l) = -1867*l - 282272. What is i(-151)?
-355
Let t(x) = -13*x**2 - 4859*x - 42659. Calculate t(-9).
19
Let i(p) = 10976*p + 351227. What is i(-32)?
-5
Let w(r) = 955*r - 40122. Calculate w(42).
-12
Let v(b) = -2*b**2 + 2046*b - 57673. Give v(29).
-21
Let t(x) = x**3 - 99*x**2 - 733*x - 894. Determine t(106).
60
Let b(c) = c**3 - 16*c**2 - 524*c - 1197. What is b(33)?
24
Let o(a) = 6*a**3 - 15*a**2 + 41836*a - 41820. Determine o(1).
7
Let r(t) = 11*t**3 - 5*t**2 - 29*t - 43. Determine r(-2).
-93
Let u(f) = f**3 - 1734*f**2 - 76410*f + 41. Determine u(-43).
-2
Let d(t) = -537*t + 5005. What is d(9)?
172
Let h(m) = m**2 - 65*m + 333. What is h(56)?
-171
Let w(c) = 137*c - 21802. Determine w(157).
-293
Let h(a) = 6637*a + 99721. Give h(-15).
166
Let l(d) = 2990*d + 179436. What is l(-60)?
36
Let z(q) = 4657*q**2 + 18641*q + 63. Calculate z(-4).
11
Let p(d) = 56*d**2 - 10484*d + 2274. Calculate p(187).
30
Let x(d) = -2*d**2 + 5571*d + 61174. Calculate x(-11).
-349
Let f(g) = -2*g**3 - 38*g**2 - 152*g + 180. Determine f(-8).
-12
Let q(g) = 5*g**3 - 63*g**2 + 210*g + 2. Calculate q(5).
102
Let k(m) = -20*m**3 + 3*m**2 + 141*m - 142. Calculate k(1).
-18
Let b(v) = 6*v**3 + 33*v**2 - 85*v - 380. Give b(-7).
-226
Let j(o) = 134581*o - 12919777. Give j(96).
-1
Let p(i) = 1361*i**2 - 9503*i - 37. Calculate p(7).
131
Let n(r) = -r**3 + 227*r**2 + 107*r - 24289. Give n(227).
0
Let t(z) = 72023*z - 575894. Calculate t(8).
290
Let z(u) = u**3 + 134*u**2 - 396*u + 2112. Calculate z(-137).
57
Let h(x) = -11*x**2 + 49*x - 65. What is h(3)?
-17
Let v(q) = q**2 + 6966*q + 1102223. Determine v(-162).
-25
Let i(t) = -15*t**2 - 200*t + 415. What is i(2)?
-45
Let g(f) = -49494*f + 197981. Give g(4).
5
Let j(f) = -268*f - 11243. Calculate j(-42).
13
Let x(l) = 2*l**2 + 409*l + 19815. What is x(-79)?
-14
Let d(f) = -f**3 - 15*f**2 - 10*f + 29. Give d(-11).
-345
Let n(d) = -d**2 + 78*d - 458. What is n(50)?
942
Let b(k) = -1192*k - 12623. Determine b(-10).
-703
Let f(h) = 40*h**2 + 156*h - 11. Give f(-5).
209
Let n(x) = -141*x**2 + 4878*x + 2008. What is n(35)?
13
Let w(y) = 153*y - 18359. What is w(128)?
1225
Let i(u) = -124702*u + 872898. What is i(7)?
-16
Let t(y) = -8727*y - 925070. Calculate t(-106).
-8
Let q(s) = 224*s - 1344. Determine q(-2).
-1792
Let n(y) = 116*y - 759. Calculate n(9).
285
Let b(g) = -g**3 - 22*g**2 + 887*g + 353. Calculate b(21).
17
Let j(s) = -81503*s + 2934111. Determine j(36).
3
Let s(d) = 5791*d + 1129250. Determine s(-195).
5
Let i(o) = 4*o**2 - 85*o + 13. Determine i(-4).
417
Let m(b) = -5*b**2 - 2572*b + 75957. Give m(28).
21
Let i(m) = -m**2 - 31575*m + 8598164. What is i(270)?
14
Let z(j) = j**3 - 67*j**2 + 21011*j - 1433377. Give z(68).
-5
Let t(m) = 161*m**2 - 1824*m + 678. Give t(11).
95
Let q(t) = 66*t**2 - 161*t - 777. Calculate q(8).
2159
Let x(q) = -408*q + 18671. Calculate x(46).
-97
Let u(h) = -4*h**2 + 83882*h - 1089783. Calculate u(13).
7
Let y(h) = -4*h**3 + 23*h**2 + 442*h - 3397. Determine y(6).
-781
Let h(d) = 18*d**3 - 587*d**2 + 909*d - 343. What is h(31)?
-33
Let w(n) = 445*n - 49824. Determine w(112).
16
Let k(i) = 8*i**2 - 1353*i + 1478. Calculate k(168).
-34
Let g(o) = -5*o**2 - 229*o - 458. Give g(-2).
